. Suppose -4 = 2*v - l. Is 3 a factor of v?
True
Let t = 38 - 19. Let h = -9 + 11. Suppose -9 - t = -h*x. Is x a multiple of 14?
True
Suppose 2*s = 5*s - 4*o - 124, o + 4 = 0. Is s a multiple of 18?
True
Suppose -11 = -x - 34. Let v = x + 42. Is 13 a factor of v?
False
Let k be (5 - (-1 + 0)) + -1. Suppose 28 = k*q - 12. Is 8 a factor of q?
True
Suppose 2 = -2*k - p - p, 0 = 5*k - 4*p - 40. Suppose 4*z - z + k*c = -17, -3*c - 15 = 0. Is 2 a factor of (1/z)/(3/6)?
True
Is (-1 - 12/(-8))*128 a multiple of 18?
False
Let s = 7 - -8. Is (2 + 2/(-3))*s a multiple of 6?
False
Let t = 146 + -72. Is 15 a factor of t?
False
Let a be -3*(-1)/2*2. Suppose -a*i + 0*i = -12. Is i a multiple of 3?
False
Suppose 4*s - 300 = -2*i + i, -5*s + 3*i + 375 = 0. Does 15 divide s?
True
Suppose 0 = 8*g - 8 - 192. Is g even?
False
Let j = 109 - 52. Is j a multiple of 34?
False
Let k = 5 - 3. Suppose -2*j + 16 = n + j, 78 = 4*n - k*j. Is n a multiple of 6?
False
Let w(o) = -7*o - 4. Let x be w(-13). Let j(g) = -g**3 + 4*g**2 - 3*g - 2. Let a be j(3). Is 15 a factor of x/2*a/(-3)?
False
Let k = 55 + 134. Does 10 divide k?
False
Suppose 9 = 2*z + z. Let y(b) be the third derivative of -b**6/120 + b**5/15 - b**4/8 + 2*b**3/3 + 2*b**2. Is y(z) a multiple of 4?
True
Suppose -2*x = -x - 3. Suppose x*g - g = -6. Is 14 a factor of g/(-2)*(-112)/(-6)?
True
Suppose -4*k + 5 = 3*f - 3, 7 = 3*k + 2*f. Let m(v) = -v**2 + 6*v + 2. Is 3 a factor of m(k)?
False
Let v(o) = -o + 107. Is 23 a factor of v(0)?
False
Let h be 1 + -1 - (2 + -5). Let b(a) = -5*a + a - h*a + 4*a - 10. Is 8 a factor of b(-10)?
False
Suppose 4*u - 22 = -o, 25 = 4*o + 4*u - 3. Let p be (2/(-4))/(o/(-480)). Suppose s + p = 6*s. Does 15 divide s?
False
Let p(g) be the second derivative of g**5/20 - g**4/3 + 7*g**3/6 - 5*g**2/2 - 3*g. Is p(5) a multiple of 15?
False
Let t = -13 + 17. Suppose r + 97 = 3*s, -r + 127 = -t*s + 8*s. Is s a multiple of 9?
False
Is 30 a factor of 80/(-4)*(3 - 12)?
True
Is 567/18 - (-2)/4 a multiple of 16?
True
Suppose -2*o + 2*g + 10 = 0, 0 = 4*o - g - 3 - 8. Suppose -2*k - 12 = -2*p, -2*p = -o*k + 6*k - 6. Suppose 2*u = 5*i - 0*u, -u = -5*i + p. Is 2 a factor of i?
True
Let y = 0 - -4. Let a(m) = m**3 - 4*m**2 + m + 1. Let p be a(y). Suppose -2*h - 132 = -p*h. Is h a multiple of 22?
True
Let j be 9 + (-3 + 1)/2. Suppose g - 4 = 0, j + 45 = 5*o + 2*g. Does 9 divide o?
True
Let f(j) = 2*j**2 + 1. Let q(k) = -k**2. Let l(b) = f(b) + q(b). Let y be (-1)/(-3) - 28/(-6). Does 13 divide l(y)?
True
Suppose -3*p + 10*p = 14. Is p even?
True
Let g = 137 + -74. Is 29 a factor of g?
False
Let k = 6 + 5. Is 11 a factor of k?
True
Let y be (-18)/(-8) + (-1)/4. Let n be 1 + -1 + y + 14. Suppose 0 = -4*g + n + 16. Is g a multiple of 3?
False
Let s = 15 + -10. Does 5 divide s?
True
Let v(x) = -x**3 - 13*x**2 + 9*x - 36. Is 15 a factor of v(-14)?
False
Let o = -26 + 32. Is o even?
True
Let s(l) = -l**3 + 8*l**2 + 3*l + 13. Let v be s(9). Let d = v - -77. Is d a multiple of 16?
False
Let o(m) = -4*m + 1. Let j(u) = 2*u + 4*u - 4 - 2*u + 4*u - u**2. Let f be j(8). Does 17 divide o(f)?
True
Suppose -2*j - 3 = -9. Suppose 3*o - j = 3. Does 16 divide ((-4)/(-6))/(o/96)?
True
Let s(o) be the third derivative of -o**5/60 + o**4/8 + o**3/6 + 2*o**2. Let t be s(4). Is 16 a factor of (2/t)/(2/(-96))?
True
Let c(s) = 3*s + 1. Let t be c(-2). Let d = t - -12. Is 6 a factor of d?
False
Let t be (-4)/(-10) + (-223)/(-5). Let j = t - 19. Is 5 a factor of j?
False
Suppose -25 = 4*u - 5. Let a = u + 9. Suppose 2*p + 2*p - f - 63 = 0, -69 = -a*p - 5*f. Is 11 a factor of p?
False
Let c = -3 + 4. Suppose c = 3*x - 5. Suppose -4*p + 180 = 5*t, -3*t - 47 = -p - x. Is p a multiple of 17?
False
Let b(y) = -19*y**2 - 2 + 6 - 3. Let t be b(-1). Let p = 41 + t. Is 6 a factor of p?
False
Does 7 divide 2 - -2 - 1/((-2)/58)?
False
Let m(z) = z**3 + 7*z**2 + 5*z - 6. Let i be m(-6). Suppose i*g - 4*o - 60 = -3*g, -41 = -2*g + 3*o. Is g a multiple of 10?
False
Is 26 a factor of ((-19)/2)/(6/(-48))?
False
Let t(h) be the second derivative of h**5/20 - h**4/12 + 3*h**2 - 2*h. Does 3 divide t(0)?
True
Let c be 3/9*15*5. Suppose -3*w - 75 = -2*s - 8*w, 5*w + c = 0. Let g = s + -34. Is g a multiple of 13?
False
Suppose -76 = -3*n + n. Is n a multiple of 19?
True
Let q(c) = c**3 - 6*c**2 + 7. Let k(n) be the second derivative of -n**3/6 - n. Let u be k(-6). Is 7 a factor of q(u)?
True
Suppose 0 = -4*j + 2 + 10. Suppose -2*y = j*t - y - 35, -2*t + 27 = -3*y. Is t a multiple of 12?
True
Let h be (-4 - -1)/((-1)/1). Let n = h + 3. Does 3 divide n?
True
Suppose -6 + 58 = -4*l. Let o = -7 - l. Is o a multiple of 6?
True
Let s(y) = y + 16. Let l be s(6). Let m = l + 1. Does 7 divide m?
False
Let w(v) = v**3 + 9*v**2 + 12*v + 5. Let j be w(-8). Is j/36 + 167/4 a multiple of 14?
False
Let j be 114/(-10) + (-2)/(-5). Let o = j - -22. Does 6 divide o?
False
Suppose 194 = 3*k - f, 5*f + 446 = 5*k + 136. Is 22 a factor of k?
True
Suppose -5 = 2*a - 31. Suppose 0 = y - 2*y + a. Is y a multiple of 13?
True
Suppose -a - a = -70. Suppose -2*f - f + 21 = -h, -a = -5*f - h. Does 7 divide f?
True
Let v(n) = -4*n - 10. Suppose 5*w = 4*g - 3, -3*g + 2*w = 6*w - 10. Suppose 28 = -4*r - 3*o, -2*o - g*o - 21 = 3*r. Does 7 divide v(r)?
False
Does 10 divide 2/((-13)/(-11) - 1)?
False
Let g = -109 + 186. Is 25 a factor of g?
False
Let o = -5 - -2. Does 2 divide 2*o/(0 - 3)?
True
Does 6 divide ((-99)/(-1))/((-12)/(-8))?
True
Let y be (-4)/6*(-4 - -1). Let f(x) = 6*x**2 - 4*x + 3. Is 13 a factor of f(y)?
False
Let f be (-160)/(-30) - 1/3. Suppose 3*g - 8*g - 4*p + 55 = 0, -f*g + 5*p = -55. Is 11 a factor of g?
True
Let i(b) = 47*b**3 - b**2 + b. Suppose -2*p = 5*t - 19, p = -4*p + 10. Suppose 0 = 2*a + 3*o + 10, -3*o - 25 + 10 = -t*a. Is i(a) a multiple of 16?
False
Suppose -5*z + 2*k = -z - 152, -32 = -z - k. Does 9 divide z?
True
Suppose 4*p - 12 = -2*p. Suppose -3*f = p*f - 280. Is 14 a factor of f?
True
Let p = -11 + 17. Is p a multiple of 6?
True
Suppose 2*l - 34 = 3*o, -7*o - 3*l = -4*o + 9. Let n(j) = -j - 10. Let c be n(o). Let a(m) = -5*m - 1. Is 7 a factor of a(c)?
False
Let c(f) = -2*f - 1. Let g be c(-2). Suppose 3*n = 3*b + 213, g*n - 3*b - 216 = b. Is n a multiple of 26?
False
Suppose -2*m + 5*z + 82 = 3*z, 2*z - 35 = -m. Is 17 a factor of m?
False
Suppose j - 24 = -66. Let r be j/(-9)*6 - 0. Let n = r - 10. Is 6 a factor of n?
True
Does 13 divide (-6)/4 + (-6)/((-12)/263)?
True
Let k(d) be the second derivative of -d**6/120 - d**5/60 + d**4/24 + 3*d**2/2 + 3*d. Let r(c) be the first derivative of k(c). Is r(-2) even?
True
Let i be (-2 - (-2 - 1)) + 52. Suppose -i = -5*j - 13. Suppose 4*b = j*b - 60. Is b a multiple of 15?
True
Let z(i) = -17*i + 1. Is z(-1) a multiple of 8?
False
Suppose 4*l + q = -q + 74, 2*q + 86 = 4*l. Does 5 divide l?
True
Does 12 divide ((-4)/10)/(5/(-750))?
True
Suppose -5*c - 141 = -3*j, -4*j + 111 = 4*c - 109. Does 24 divide j?
False
Let x = -9 + 14. Suppose -u + 19 = 3*v, 0 = 4*u - x*v + 3 + 6. Suppose 0 = u*y - 14 - 82. Is 12 a factor of y?
True
Suppose 0*l - 3*l = -36. Suppose -l = 3*m - 81. Let p = m + -10. Is p a multiple of 6?
False
Let n(w) = -w + 1. Let h be n(5). Let b be (h - -3) + (-74)/1. Let y = b + 115. Does 20 divide y?
True
Suppose -1 - 9 = -5*i. Suppose i*b - 34 = -y, b + y - 4*y - 17 = 0. Is b a multiple of 8?
False
Let f be 1/2 - 19/(-2). Suppose 0 = -2*w - 5*y - 27, -5 = 3*w - y + f. Is (52/w)/((-2)/6) a multiple of 13?
True
Let f(b) = b**3 + b - 3. Let t be f(3). Let u = t - 9. Suppose -5*j + 4*n = -18 - 10, 3*j - u = 2*n. Is 4 a factor of j?
True
Suppose 0*r = -5*r + 60. Is r a multiple of 5?
False
Let i(y) = y**3 - 5*y**2 + 6*y - 1. Suppose -3*z = -8 - 4. Suppose -3*d = -z*l + 10, 2*d + 2 = 3*l - 6. Is i(l) a multiple of 4?
False
Let a(v) = v**3 + 8*v**2 - 16*v + 3. Does 9 divide a(-9)?
False
Let h(k) be the third derivative of 5*k**4/24 + k**3/3 + 5*k**2. Is h(6) a multiple of 23?
False
Suppose 3 = 5*u - 417. Let f = 54 - u. Let h = -12 - f. Is h a multiple of 6?
True
Let d(c) = -c - 1. Let t(l) = -4*l - 2. Let s be t(1). Is 2 a factor of d(s)?
False
Let m(a) = a**2 - 8*a + 4. Let u be m(8). Suppose u*f + 47 - 207 = 0. Let c = f + -20. Does 13 divide c?
False
Let l(s) = -8*s**3 + 14*s**2 - 10*s - 4. Let z